git of 28696765?
6
What is the thousands digit of 2158417822?
7
What is the ten thousands digit of 157672585?
7
What is the thousands digit of 1516443712?
3
What is the millions digit of 223042363?
3
What is the millions digit of 2074836834?
4
What is the hundred thousands digit of 1953913561?
9
What is the ten millions digit of 2924714443?
2
What is the hundred thousands digit of 91932648?
9
What is the units digit of 75256927?
7
What is the units digit of 36566043?
3
What is the tens digit of 28413281?
8
What is the millions digit of 508724965?
8
What is the ten millions digit of 1553092186?
5
What is the ten thousands digit of 64532658?
3
What is the ten thousands digit of 12149909?
4
What is the hundred thousands digit of 18837628?
8
What is the units digit of 4255260567?
7
What is the hundred millions digit of 230033099?
2
What is the millions digit of 83918504?
3
What is the ten millions digit of 3676943253?
7
What is the ten thousands digit of 3606315733?
1
What is the ten thousands digit of 2559791510?
9
What is the hundred thousands digit of 100008811?
0
What is the ten thousands digit of 191245648?
4
What is the ten millions digit of 50160213?
5
What is the hundred millions digit of 828603660?
8
What is the hundred thousands digit of 1140293023?
2
What is the ten millions digit of 54855376?
5
What is the hundred thousands digit of 9171876?
1
What is the tens digit of 173743820?
2
What is the tens digit of 925728088?
8
What is the hundred thousands digit of 505118356?
1
What is the ten millions digit of 548639587?
4
What is the tens digit of 180447755?
5
What is the ten millions digit of 55763743?
5
What is the ten thousands digit of 83962720?
6
What is the hundreds digit of 1301021853?
8
What is the hundred thousands digit of 95447023?
4
What is the ten thousands digit of 65682316?
8
What is the tens digit of 118027078?
7
What is the thousands digit of 2019147200?
7
What is the millions digit of 3140425827?
0
What is the units digit of 15196087?
7
What is the units digit of 36602107?
7
What is the billions digit of 3857651673?
3
What is the ten millions digit of 15755876?
1
What is the units digit of 885019859?
9
What is the units digit of 3748002919?
9
What is the ten millions digit of 5863418686?
6
What is the hundred thousands digit of 1436847742?
8
What is the tens digit of 26939421?
2
What is the millions digit of 268131096?
8
What is the thousands digit of 351502209?
2
What is the thousands digit of 6291202?
1
What is the tens digit of 4314863841?
4
What is the ten millions digit of 1418495211?
1
What is the ten millions digit of 260021248?
6
What is the hundreds digit of 3826515244?
2
What is the ten millions digit of 911682505?
1
What is the hundred millions digit of 1283315480?
2
What is the thousands digit of 6305450?
5
What is the units digit of 9600439?
9
What is the ten millions digit of 13554262?
1
What is the billions digit of 1147553343?
1
What is the hundred thousands digit of 276554082?
5
What is the hundred millions digit of 2895952167?
8
What is the billions digit of 1372951848?
1
What is the millions digit of 38075214?
8
What is the hundreds digit of 1281931647?
6
What is the hundreds digit of 45161145?
1
What is the hundred thousands digit of 1040940081?
9
What is the ten millions digit of 517819187?
1
What is the millions digit of 44784196?
4
What is the hundreds digit of 182090028?
0
What is the thousands digit of 570736570?
6
What is the ten thousands digit of 41491986?
9
What is the thousands digit of 55432544?
2
What is the millions digit of 263599837?
3
What is the tens digit of 2687934705?
0
What is the ten millions digit of 101007495?
0
What is the units digit of 1174628313?
3
What is the thousands digit of 217589816?
9
What is the hundred thousands digit of 385928?
3
What is the ten thousands digit of 222032772?
3
What is the millions digit of 466077570?
6
What is the tens digit of 138712548?
4
What is the thousands digit of 274536710?
6
What is the hundred thousands digit of 310401505?
4
What is the hundred millions digit of 228157155?
2
What is the units digit of 83984045?
5
What is the hundreds digit of 814007417?
4
What is the millions digit of 4946966?
4
What is the units digit of 48713720?
0
What is the tens digit of 907126551?
5
What is the ten thousands digit of 36820262?
2
What is the ten thousands digit of 642912214?
1
What is the hundred thousands digit of 611932458?
9
What is the tens digit of 1723215612?
1
What is the units digit of 78885093?
3
What is the millions digit of 10160186?
0
What is the ten millions digit of 3758988747?
5
What is the tens digit of 1277917795?
9
What is the hundreds digit of 3205240087?
0
What is the thousands digit of 3483234261?
4
What is the tens digit of 819962952?
5
What is the tens digit of 3194264693?
9
What is the ten millions digit of 16677145?
1
What is the hundreds digit of 1928534?
5
What is the hundreds digit of 72457638?
6
What is the millions digit of 5258366?
5
What is the ten thousands digit of 27083635?
8
What is the ten thousands digit of 6200149569?
4
What is the ten thousands digit of 439023970?
2
What is the hundred thousands digit of 18031976?
0
What is the hundreds digit of 23320156?
1
What is the hundred millions digit of 1500200440?
5
What is the units digit of 7727549?
9
What is the ten thousands digit of 32082456?
8
What is the ten thousands digit of 39349?
3
What is the millions digit of 396093116?
6
What is the units digit of 91643285?
5
What is the units digit of 134012444?
4
What is the hundreds digit of 6729179642?
6
What is the units digit of 615849976?
6
What is the ten millions digit of 4821809856?
2
What is the tens digit of 111990019?
1
What is the hundred thousands digit of 2607622363?
6
What is the ten millions digit of 351775701?
5
What is the millions digit of 127954617?
7
What is the ten thousands digit of 57309697?
0
What is the thousands digit of 418866553?
6
What is the tens digit of 92312751?
5
What is the hundred thousands digit of 2777407210?
4
What is the millions digit of 12852803?
2
What is the millions digit of 4048050252?
8
What is the hundred millions digit of 2727456492?
7
What is the thousands digit of 49564741?
4
What is the ten thousands digit of 1696963?
9
What is the units digit of 750440025?
5
What is the ten millions digit of 74516802?
7
What is the hundreds digit of 602921895?
8
What is the tens digit of 716131495?
9
What is the millions digit of 2089615?
2
What is the hundred thousands digit of 5757536860?
5
What is the hundred thousands digit of 132400456?
4
What is the hundred millions digit of 1061356867?
0
What is the millions digit of 333201073?
3
What is the ten thousands digit of 3447604725?
0
What is the thousands digit of 172915368?
5
What is the hundred thousands digit of 718244894?
2
What is the hundred thousands digit of 192100633?
1
What is the hundred millions digit of 125506647?
1
What is the thousands digit of 1416118745?
8
What is the thousands digit of 3294477929?
7
What is the millions digit of 645556836?
5
What is the billions digit of 3683339648?
3
What is the tens digit of 114570629?
2
What is the tens digit of 35476649?
4
What is the tens digit of 208143438?
3
What is the tens digit of 517131733?
3
What is the hundreds digit of 2881155518?
5
What is the ten millions digit of 52604725?
5
What is the units digit of 405814128?
8
What is the tens digit of 70251713?
1
What is the ten millions digit of 44628830?
4
What is the hundreds digit of 350042159?
1
What is the hundreds digit of 1879158994?
9
What is the millions digit of 47333487?
7
What is the hundred millions digit of 2963180214?
9
What is the tens digit of 2084245289?
8
What is the thousands digit of 207872043?
2
What is the ten thousands digit of 19865201?
6
What is the hundreds digit of 2563487347?
3
What is the ten thousands digit of 39254183?
5
What is the hundreds digit of 53651919?
9
What is the hundred thousands digit of 203432715?
4
What is the hundreds digit of 56846360?
3
What is the millions digit of 1084553459?
4
What is the units digit of 45705332?
2
What is the hundred millions digit of 172673756?
1
What is the hundred thousands digit of 118503309?
5
What is the ten millions digit of 211774553?
1
What is